, 5, 89, 101
What are the prime factors of 1669878?
2, 3, 7, 29, 457
List the prime factors of 18373123.
18373123
List the prime factors of 485154.
2, 3, 26953
What are the prime factors of 171604?
2, 42901
List the prime factors of 464252.
2, 277, 419
What are the prime factors of 10670597?
7, 23, 191, 347
List the prime factors of 1627718.
2, 163, 4993
What are the prime factors of 3993087?
3, 7, 190147
List the prime factors of 155613.
3, 51871
What are the prime factors of 3367511?
7, 481073
What are the prime factors of 2189562?
2, 3, 73, 4999
What are the prime factors of 83805?
3, 5, 37, 151
What are the prime factors of 8962313?
41, 79, 2767
List the prime factors of 598110.
2, 3, 5, 19937
List the prime factors of 1729613.
127, 13619
What are the prime factors of 455460?
2, 3, 5, 7591
What are the prime factors of 1288210?
2, 5, 7, 11, 239
What are the prime factors of 362408?
2, 89, 509
List the prime factors of 241890.
2, 3, 5, 11, 733
List the prime factors of 451584.
2, 3, 7
List the prime factors of 11580217.
11, 1052747
List the prime factors of 25039742.
2, 7, 13, 17, 8093
What are the prime factors of 551772?
2, 3, 13, 131
List the prime factors of 6876641.
229, 30029
What are the prime factors of 10389560?
2, 5, 23, 491
What are the prime factors of 67218?
2, 3, 17, 659
What are the prime factors of 971428?
2, 23, 10559
List the prime factors of 362919.
3, 19, 6367
What are the prime factors of 397403?
199, 1997
What are the prime factors of 2587699?
29, 89231
List the prime factors of 97579.
97579
List the prime factors of 4231480.
2, 5, 11, 59, 163
What are the prime factors of 782992?
2, 7, 6991
List the prime factors of 15718462.
2, 97, 81023
List the prime factors of 749173.
17, 127, 347
List the prime factors of 439518.
2, 3, 17, 31, 139
List the prime factors of 276949.
276949
What are the prime factors of 389270?
2, 5, 7, 67, 83
What are the prime factors of 20916419?
20916419
List the prime factors of 4506852.
2, 3, 7, 53653
What are the prime factors of 3130812?
2, 3, 3221
List the prime factors of 146347.
146347
List the prime factors of 3487837.
1163, 2999
What are the prime factors of 122226?
2, 3, 13, 1567
List the prime factors of 349301.
23, 15187
What are the prime factors of 54120?
2, 3, 5, 11, 41
What are the prime factors of 468881?
7, 1367
List the prime factors of 9178942.
2, 1193, 3847
What are the prime factors of 20244654?
2, 3, 17, 7351
List the prime factors of 6655841.
43, 154787
What are the prime factors of 2446056?
2, 3, 53, 641
What are the prime factors of 11033712?
2, 3, 25541
What are the prime factors of 377367?
3, 125789
What are the prime factors of 4648682?
2, 421, 5521
What are the prime factors of 44505?
3, 5, 23, 43
What are the prime factors of 3022689?
3, 349, 2887
List the prime factors of 358822.
2, 179411
What are the prime factors of 10698186?
2, 3, 181, 9851
List the prime factors of 17794665.
3, 5, 7, 17, 3323
What are the prime factors of 8379935?
5, 23, 72869
What are the prime factors of 2629609?
433, 6073
List the prime factors of 1458264.
2, 3, 60761
What are the prime factors of 66701?
66701
What are the prime factors of 5511107?
7, 419, 1879
List the prime factors of 939644.
2, 61, 3851
List the prime factors of 286451.
11, 26041
What are the prime factors of 1228790?
2, 5, 103, 1193
List the prime factors of 314241.
3, 19, 37, 149
List the prime factors of 353696.
2, 7, 1579
What are the prime factors of 207033?
3, 69011
What are the prime factors of 5037821?
251, 20071
What are the prime factors of 341588?
2, 13, 6569
What are the prime factors of 2414380?
2, 5, 61, 1979
What are the prime factors of 320955?
3, 5, 21397
What are the prime factors of 175091?
7, 25013
List the prime factors of 12576718.
2, 7, 11, 81667
What are the prime factors of 567803?
83, 6841
What are the prime factors of 31721459?
7, 11, 411967
What are the prime factors of 3123522?
2, 3, 6427
What are the prime factors of 87341?
167, 523
List the prime factors of 1599422.
2, 11, 72701
What are the prime factors of 2451920?
2, 5, 30649
List the prime factors of 766895.
5, 153379
What are the prime factors of 192592?
2, 12037
List the prime factors of 193914.
2, 3, 7, 19
What are the prime factors of 7375021?
19, 388159
What are the prime factors of 256647?
3, 85549
What are the prime factors of 1020534?
2, 3, 37, 4597
What are the prime factors of 13887156?
2, 3, 1157263
What are the prime factors of 292688?
2, 11, 1663
List the prime factors of 3556678.
2, 47, 157, 241
List the prime factors of 817054.
2, 7, 17, 3433
List the prime factors of 11262008.
2, 1407751
What are the prime factors of 5815332?
2, 3, 67, 2411
List the prime factors of 143255.
5, 7, 4093
List the prime factors of 10503340.
2, 5, 525167
What are the prime factors of 10567010?
2, 5, 47, 22483
What are the prime factors of 33236388?
2, 3, 923233
What are the prime factors of 27491294?
2, 13745647
List the prime factors of 111674.
2, 55837
What are the prime factors of 610990?
2, 5, 61099
List the prime factors of 379913.
379913
What are the prime factors of 1086690?
2, 3, 5, 11, 37, 89
List the prime factors of 4652499.
3, 29, 53, 1009
What are the prime factors of 4538509?
4538509
What are the prime factors of 942145?
5, 61, 3089
What are the prime factors of 2108292?
2, 3, 175691
List the prime factors of 184216.
2, 23027
List the prime factors of 3218.
2, 1609
What are the prime factors of 2218413?
3, 29, 43, 593
List the prime factors of 24388319.
17, 1434607
List the prime factors of 5859017.
5859017
List the prime factors of 2318998.
2, 11, 23, 4583
List the prime factors of 627457.
389, 1613
What are the prime factors of 795478?
2, 23, 17293
List the prime factors of 13200273.
3, 67, 7297
What are the prime factors of 744082?
2, 29, 12829
List the prime factors of 14713279.
7, 17, 1039
List the prime factors of 5302705.
5, 31, 34211
What are the prime factors of 10280807?
10280807
List the prime factors of 325188.
2, 3, 3011
What are the prime factors of 144341?
144341
List the prime factors of 209899.
17, 12347
What are the prime factors of 1432282?
2, 733, 977
What are the prime factors of 71700?
2, 3, 5, 239
List the prime factors of 2489639.
2489639
What are the prime factors of 30858691?
41, 752651
List the prime factors of 15481.
113, 137
List the prime factors of 662507.
17, 38971
What are the prime factors of 4548362?
2, 7, 13, 67, 373
List the prime factors of 121814.
2, 7, 11, 113
What are the prime factors of 1523716?
2, 380929
List the prime factors of 1726292.
2, 101, 4273
What are the prime factors of 47910?
2, 3, 5, 1597
List the prime factors of 2188188.
2, 3, 20261
What are the prime factors of 4557191?
41, 2711
What are the prime factors of 3644345?
5, 728869
List the prime factors of 3063367.
127, 24121
List the prime factors of 3166884.
2, 3, 7, 59, 71
List the prime factors of 867858.
2, 3, 109, 1327
What are the prime factors of 445673?
349, 1277
List the prime factors of 4220379.
3, 283, 1657
What are the prime factors of 69081?
3, 23027
What are the prime factors of 41987?
11, 347
What are the prime factors of 198348?
2, 3, 16529
List the prime factors of 5459006.
2, 7, 17, 22937
List the prime factors of 970482.
2, 3, 19, 8513
What are the prime factors of 545125?
5, 7, 89
List the prime factors of 4953061.
4953061
What are the prime factors of 230010?
2, 3, 5, 11, 17, 41
List the prime factors of 46052.
2, 29, 397
List the prime factors of 303093.
3, 7, 17, 283
List the prime factors of 56025.
3, 5, 83
List the prime factors of 6745570.
2, 5, 13, 19, 2731
List the prime factors of 203070.
2, 3, 5, 7, 967
List the prime factors of 394266.
2, 3, 23, 2857
List the prime factors of 557088.
2, 3, 7, 829
What are the prime factors of 42825?
3, 5, 571
What are the prime factors of 19292454?
2, 3, 1071803
List the prime factors of 3121527.
3, 79, 13171
List the prime factors of 277447.
41, 67, 101
What are the prime factors of 818151?
3, 272717
List the prime factors of 14742935.
5, 2948587
What are the prime factors of 423202?
2, 13, 41, 397
List the prime factors of 20884223.
541, 38603
What are the prime factors of 1159575?
3, 5, 15461
What are the prime factors of 223482?
2, 3, 7, 17, 313
Lis